{"id":41,"date":"2025-04-11T19:27:53","date_gmt":"2025-04-11T17:27:53","guid":{"rendered":"https:\/\/two.lensoptik.sk\/?page_id=41"},"modified":"2025-06-03T10:57:30","modified_gmt":"2025-06-03T08:57:30","slug":"objednat","status":"publish","type":"page","link":"https:\/\/lensoptik.sk\/index.php\/objednat\/","title":{"rendered":"Objedna\u0165 vy\u0161etrenie"},"content":{"rendered":"\t\t<div data-elementor-type=\"wp-page\" data-elementor-id=\"41\" class=\"elementor elementor-41\" data-elementor-post-type=\"page\">\n\t\t\t\t<div data-particle_enable=\"false\" data-particle-mobile-disabled=\"false\" class=\"elementor-element elementor-element-df00476 e-flex e-con-boxed e-con e-parent\" data-id=\"df00476\" data-element_type=\"container\">\n\t\t\t\t\t<div class=\"e-con-inner\">\n\t\t\t\t<div class=\"elementor-element elementor-element-1e9e6bc elementor-widget elementor-widget-shortcode\" data-id=\"1e9e6bc\" data-element_type=\"widget\" data-widget_type=\"shortcode.default\">\n\t\t\t\t<div class=\"elementor-widget-container\">\n\t\t\t\t\t\t\t<div class=\"elementor-shortcode\"><link rel=\"stylesheet\" href=\"\/\/lensoptik.sk\/wp-content\/uploads\/booknetic\/appearance\/theme_7.css\">\r\n<div class=\"booknetic_appointment\" id=\"booknetic_theme_7\" data-info=\"f1939de0a05c72bf3647ab32c7fae5bc32dd85891c54a281ae1065b518f08a0b:W10=\" data-steps=\"[{&quot;id&quot;:&quot;location&quot;,&quot;order_number&quot;:1,&quot;value&quot;:-1,&quot;hidden&quot;:true,&quot;loader&quot;:&quot;card1&quot;,&quot;title&quot;:&quot;Location&quot;,&quot;head_title&quot;:&quot;Select location&quot;},{&quot;id&quot;:&quot;staff&quot;,&quot;order_number&quot;:11,&quot;value&quot;:&quot;&quot;,&quot;hidden&quot;:false,&quot;loader&quot;:&quot;card1&quot;,&quot;title&quot;:&quot;Staff&quot;,&quot;head_title&quot;:&quot;Select staff&quot;},{&quot;id&quot;:&quot;service&quot;,&quot;order_number&quot;:21,&quot;value&quot;:&quot;&quot;,&quot;hidden&quot;:false,&quot;loader&quot;:&quot;card2&quot;,&quot;title&quot;:&quot;Service&quot;,&quot;head_title&quot;:&quot;Select service&quot;,&quot;attrs&quot;:&quot; data-service-category=\\&quot;\\&quot;&quot;},{&quot;id&quot;:&quot;service_extras&quot;,&quot;order_number&quot;:31,&quot;value&quot;:&quot;&quot;,&quot;hidden&quot;:true,&quot;loader&quot;:&quot;card2&quot;,&quot;title&quot;:&quot;Service Extras&quot;,&quot;head_title&quot;:&quot;Select service extras&quot;},{&quot;id&quot;:&quot;date_time&quot;,&quot;order_number&quot;:41,&quot;value&quot;:&quot;&quot;,&quot;hidden&quot;:false,&quot;loader&quot;:&quot;card3&quot;,&quot;title&quot;:&quot;Date &amp;amp; Time&quot;,&quot;head_title&quot;:&quot;Select Date &amp;amp; Time&quot;},{&quot;id&quot;:&quot;recurring_info&quot;,&quot;order_number&quot;:51,&quot;value&quot;:&quot;&quot;,&quot;hidden&quot;:true,&quot;loader&quot;:&quot;card3&quot;,&quot;title&quot;:&quot;Recurring info&quot;,&quot;head_title&quot;:&quot;Recurring info&quot;},{&quot;id&quot;:&quot;information&quot;,&quot;order_number&quot;:61,&quot;value&quot;:&quot;&quot;,&quot;hidden&quot;:false,&quot;loader&quot;:&quot;card3&quot;,&quot;title&quot;:&quot;Information&quot;,&quot;head_title&quot;:&quot;Fill information&quot;},{&quot;id&quot;:&quot;cart&quot;,&quot;order_number&quot;:71,&quot;value&quot;:&quot;&quot;,&quot;hidden&quot;:true,&quot;loader&quot;:&quot;card3&quot;,&quot;title&quot;:&quot;Cart&quot;,&quot;head_title&quot;:&quot;Add to cart&quot;},{&quot;id&quot;:&quot;confirm_details&quot;,&quot;order_number&quot;:81,&quot;value&quot;:&quot;&quot;,&quot;hidden&quot;:false,&quot;loader&quot;:&quot;card3&quot;,&quot;title&quot;:&quot;Confirmation&quot;,&quot;head_title&quot;:&quot;Confirm Details&quot;}]\">\r\n\t<div class=\"booknetic_appointment_steps \">\r\n\t\t\t\t<div class=\"booknetic_appointment_steps_body nice-scrollbar-primary\"><\/div>\r\n        <div class=\"booknetic_appointment_steps_footer\">\r\n            <div class=\"booknetic_appointment_steps_footer_txt1\">Have any questions?<\/div>\r\n            <div class=\"booknetic_appointment_steps_footer_txt2\">+421 918 457 044<\/div>\r\n        <\/div>\r\n    <\/div>\r\n    <div class=\"booknetic_appointment_container\">\r\n\r\n        <div class=\"booknetic_appointment_container_header\">\r\n            <div class=\"booknetic_appointment_container_header_text\"><\/div>\r\n                    <\/div>\r\n        <div class=\"booknetic_appointment_container_body\">\r\n\r\n            <div class=\"booknetic_preloader_card1_box booknetic_hidden\">\r\n                <div class=\"booknetic_preloader_card1\">\r\n                    <div class=\"booknetic_preloader_card1_image\"><\/div>\r\n                    <div class=\"booknetic_preloader_card1_description\"><\/div>\r\n                <\/div>\r\n\r\n                <div class=\"booknetic_preloader_card1\">\r\n                    <div class=\"booknetic_preloader_card1_image\"><\/div>\r\n                    <div class=\"booknetic_preloader_card1_description\"><\/div>\r\n                <\/div>\r\n\r\n                <div class=\"booknetic_preloader_card1\">\r\n                    <div class=\"booknetic_preloader_card1_image\"><\/div>\r\n                    <div class=\"booknetic_preloader_card1_description\"><\/div>\r\n                <\/div>\r\n            <\/div>\r\n\r\n            <div class=\"booknetic_preloader_card2_box booknetic_hidden\">\r\n                <div class=\"booknetic_preloader_card2\">\r\n                    <div class=\"booknetic_preloader_card2_image\"><\/div>\r\n                    <div class=\"booknetic_preloader_card2_description\"><\/div>\r\n                <\/div>\r\n\r\n                <div class=\"booknetic_preloader_card2\">\r\n                    <div class=\"booknetic_preloader_card2_image\"><\/div>\r\n                    <div class=\"booknetic_preloader_card2_description\"><\/div>\r\n                <\/div>\r\n\r\n                <div class=\"booknetic_preloader_card2\">\r\n                    <div class=\"booknetic_preloader_card2_image\"><\/div>\r\n                    <div class=\"booknetic_preloader_card2_description\"><\/div>\r\n                <\/div>\r\n            <\/div>\r\n\r\n            <div class=\"booknetic_preloader_card3_box booknetic_hidden\">\r\n                <div class=\"booknetic_preloader_card3\"><\/div>\r\n                <div class=\"booknetic_preloader_card3\"><\/div>\r\n                <div class=\"booknetic_preloader_card3\"><\/div>\r\n                <div class=\"booknetic_preloader_card3\"><\/div>\r\n            <\/div>\r\n\r\n            <div class=\"booknetic_need_copy\" >\r\n                <div data-step-id=\"location\" class=\"booknetic_hidden\"><\/div>\r\n                <div data-step-id=\"staff\" class=\"booknetic_hidden\"><\/div>\r\n                <div data-step-id=\"service\" class=\"booknetic_hidden\"><\/div>\r\n                <div data-step-id=\"service_extras\" class=\"booknetic_hidden\"><\/div>\r\n                <div data-step-id=\"date_time\" class=\"booknetic_hidden\"><\/div>\r\n                <div data-step-id=\"recurring_info\" class=\"booknetic_hidden\"><\/div>\r\n                <div data-step-id=\"information\" class=\"booknetic_hidden\"><\/div>\r\n            <\/div>\r\n\r\n            <div data-step-id=\"cart\" class=\"booknetic_hidden\"><\/div>\r\n            <div data-step-id=\"confirm_details\" class=\"booknetic_hidden\"><\/div>\r\n\r\n            <div class=\"booknetic_appointment_finished_with_error booknetic_hidden\">\r\n                <img decoding=\"async\" src=\"https:\/\/lensoptik.sk\/wp-content\/plugins\/booknetic\/app\/Frontend\/assets\/images\/payment-error.svg\">\r\n                <div>We aren\u2019t able to process your payment. Please, try again.<\/div>\r\n            <\/div>\r\n\r\n        <\/div>\r\n        <div class=\"booknetic_appointment_container_footer\">\r\n            <button type=\"button\" class=\"booknetic_btn_secondary booknetic_prev_step\">BACK<\/button>\r\n            <div class=\"booknetic_warning_message\"><\/div>\r\n            <button type=\"button\" class=\"booknetic_btn_primary booknetic_next_step booknetic_next_step_btn\">NEXT STEP<\/button>\r\n            <button type=\"button\" class=\"booknetic_btn_primary booknetic_next_step booknetic_confirm_booking_btn\">CONFIRM BOOKING<\/button>\r\n            <button type=\"button\" class=\"booknetic_btn_primary booknetic_hidden booknetic_try_again_btn\">TRY AGAIN<\/button>\r\n        <\/div>\r\n\r\n        \r\n    <\/div>\r\n    <div class=\"booknetic_appointment_finished\">\r\n        <div class=\"booknetic_appointment_finished_icon\"><img decoding=\"async\" src=\"https:\/\/lensoptik.sk\/wp-content\/plugins\/booknetic\/app\/Frontend\/assets\/icons\/status-ok.svg\"><\/div>\r\n        <div class=\"booknetic_appointment_finished_title\">Thank you for your request!<\/div>\r\n        <div class=\"booknetic_appointment_finished_subtitle\">Your confirmation number:<\/div>\r\n        <div class=\"booknetic_appointment_finished_code\"><\/div>\r\n        <div class=\"booknetic_appointment_finished_actions\">\r\n            <button type=\"button\" id=\"booknetic_add_to_google_calendar_btn\" class=\"booknetic_btn_secondary\"><img decoding=\"async\" src=\"https:\/\/lensoptik.sk\/wp-content\/plugins\/booknetic\/app\/Frontend\/assets\/icons\/calendar.svg\"> ADD TO GOOGLE CALENDAR<\/button>\r\n            <a id=\"booknetic_add_to_icalendar_btn\" download=\"event.ics\" class=\"booknetic_btn_secondary\"><img decoding=\"async\" src=\"https:\/\/lensoptik.sk\/wp-content\/plugins\/booknetic\/app\/Frontend\/assets\/icons\/calendar.svg\"> ADD TO iCAL CALENDAR<\/a>\r\n            <button type=\"button\" id=\"booknetic_start_new_booking_btn\" class=\"booknetic_btn_secondary\"><img decoding=\"async\" src=\"https:\/\/lensoptik.sk\/wp-content\/plugins\/booknetic\/app\/Frontend\/assets\/icons\/plus.svg\"> START NEW BOOKING<\/button>\r\n            <button type=\"button\" id=\"booknetic_finish_btn\" class=\"booknetic_btn_secondary\" data-redirect-url=\"\"><img decoding=\"async\" src=\"https:\/\/lensoptik.sk\/wp-content\/plugins\/booknetic\/app\/Frontend\/assets\/icons\/check-small.svg\"> FINISH BOOKING<\/button>\r\n        <\/div>\r\n    <\/div>\r\n\r\n    <div id=\"booknetic_progress\" class=\"booknetic_progress_waiting booknetic_progress_done\"><dt><\/dt><dd><\/dd><\/div>\r\n<\/div>\r\n\r\n<script type=\"application\/javascript\">\r\n    (function ()\r\n    {\r\n        let initBookingPanel = function ()\r\n        {\r\n            jQuery(\".booknetic_appointment\").each( ( i , v ) =>\r\n            {\r\n                window.bookneticInitBookingPage( v );\r\n            } );\r\n        }\r\n\r\n        if( document.readyState === 'loading' )\r\n            document.addEventListener('DOMContentLoaded', initBookingPanel)\r\n        else\r\n            initBookingPanel();\r\n    })();\r\n<\/script>\r\n<\/div>\n\t\t\t\t\t\t<\/div>\n\t\t\t\t<\/div>\n\t\t\t\t\t<\/div>\n\t\t\t\t<\/div>\n\t\t\t\t<\/div>\n\t\t","protected":false},"excerpt":{"rendered":"","protected":false},"author":1,"featured_media":0,"parent":0,"menu_order":0,"comment_status":"closed","ping_status":"closed","template":"","meta":{"_acf_changed":false,"footnotes":""},"class_list":["post-41","page","type-page","status-publish","hentry"],"acf":[],"yoast_head":"<!-- This site is optimized with the Yoast SEO plugin v25.2 - https:\/\/yoast.com\/wordpress\/plugins\/seo\/ -->\n<title>Objedna\u0165 vy\u0161etrenie - Lens Optik | O\u010dn\u00e1 Optika<\/title>\n<meta name=\"robots\" content=\"index, follow, max-snippet:-1, max-image-preview:large, max-video-preview:-1\" \/>\n<link rel=\"canonical\" href=\"https:\/\/lensoptik.sk\/index.php\/objednat\/\" \/>\n<meta property=\"og:locale\" content=\"en_US\" \/>\n<meta property=\"og:type\" content=\"article\" \/>\n<meta property=\"og:title\" content=\"Objedna\u0165 vy\u0161etrenie - Lens Optik | O\u010dn\u00e1 Optika\" \/>\n<meta property=\"og:url\" content=\"https:\/\/lensoptik.sk\/index.php\/objednat\/\" \/>\n<meta property=\"og:site_name\" content=\"Lens Optik | O\u010dn\u00e1 Optika\" \/>\n<meta property=\"article:modified_time\" content=\"2025-06-03T08:57:30+00:00\" \/>\n<meta name=\"twitter:card\" content=\"summary_large_image\" \/>\n<script type=\"application\/ld+json\" class=\"yoast-schema-graph\">{\"@context\":\"https:\/\/schema.org\",\"@graph\":[{\"@type\":\"WebPage\",\"@id\":\"https:\/\/lensoptik.sk\/index.php\/objednat\/\",\"url\":\"https:\/\/lensoptik.sk\/index.php\/objednat\/\",\"name\":\"Objedna\u0165 vy\u0161etrenie - Lens Optik | O\u010dn\u00e1 Optika\",\"isPartOf\":{\"@id\":\"https:\/\/lensoptik.sk\/#website\"},\"datePublished\":\"2025-04-11T17:27:53+00:00\",\"dateModified\":\"2025-06-03T08:57:30+00:00\",\"breadcrumb\":{\"@id\":\"https:\/\/lensoptik.sk\/index.php\/objednat\/#breadcrumb\"},\"inLanguage\":\"en-US\",\"potentialAction\":[{\"@type\":\"ReadAction\",\"target\":[\"https:\/\/lensoptik.sk\/index.php\/objednat\/\"]}]},{\"@type\":\"BreadcrumbList\",\"@id\":\"https:\/\/lensoptik.sk\/index.php\/objednat\/#breadcrumb\",\"itemListElement\":[{\"@type\":\"ListItem\",\"position\":1,\"name\":\"Home\",\"item\":\"https:\/\/lensoptik.sk\/\"},{\"@type\":\"ListItem\",\"position\":2,\"name\":\"Objedna\u0165 vy\u0161etrenie\"}]},{\"@type\":\"WebSite\",\"@id\":\"https:\/\/lensoptik.sk\/#website\",\"url\":\"https:\/\/lensoptik.sk\/\",\"name\":\"Lens Optik | O\u010dn\u00e1 Optika\",\"description\":\"Rodinn\u00e1 o\u010dn\u00e1 optika v Bratislave\",\"publisher\":{\"@id\":\"https:\/\/lensoptik.sk\/#organization\"},\"potentialAction\":[{\"@type\":\"SearchAction\",\"target\":{\"@type\":\"EntryPoint\",\"urlTemplate\":\"https:\/\/lensoptik.sk\/?s={search_term_string}\"},\"query-input\":{\"@type\":\"PropertyValueSpecification\",\"valueRequired\":true,\"valueName\":\"search_term_string\"}}],\"inLanguage\":\"en-US\"},{\"@type\":\"Organization\",\"@id\":\"https:\/\/lensoptik.sk\/#organization\",\"name\":\"Lens Optik | O\u010dn\u00e1 Optika\",\"url\":\"https:\/\/lensoptik.sk\/\",\"logo\":{\"@type\":\"ImageObject\",\"inLanguage\":\"en-US\",\"@id\":\"https:\/\/lensoptik.sk\/#\/schema\/logo\/image\/\",\"url\":\"https:\/\/lensoptik.sk\/wp-content\/uploads\/2025\/04\/LensOptik_logo_CMYK-1-4.png\",\"contentUrl\":\"https:\/\/lensoptik.sk\/wp-content\/uploads\/2025\/04\/LensOptik_logo_CMYK-1-4.png\",\"width\":343,\"height\":104,\"caption\":\"Lens Optik | O\u010dn\u00e1 Optika\"},\"image\":{\"@id\":\"https:\/\/lensoptik.sk\/#\/schema\/logo\/image\/\"}}]}<\/script>\n<!-- \/ Yoast SEO plugin. -->","yoast_head_json":{"title":"Objedna\u0165 vy\u0161etrenie - Lens Optik | O\u010dn\u00e1 Optika","robots":{"index":"index","follow":"follow","max-snippet":"max-snippet:-1","max-image-preview":"max-image-preview:large","max-video-preview":"max-video-preview:-1"},"canonical":"https:\/\/lensoptik.sk\/index.php\/objednat\/","og_locale":"en_US","og_type":"article","og_title":"Objedna\u0165 vy\u0161etrenie - Lens Optik | O\u010dn\u00e1 Optika","og_url":"https:\/\/lensoptik.sk\/index.php\/objednat\/","og_site_name":"Lens Optik | O\u010dn\u00e1 Optika","article_modified_time":"2025-06-03T08:57:30+00:00","twitter_card":"summary_large_image","schema":{"@context":"https:\/\/schema.org","@graph":[{"@type":"WebPage","@id":"https:\/\/lensoptik.sk\/index.php\/objednat\/","url":"https:\/\/lensoptik.sk\/index.php\/objednat\/","name":"Objedna\u0165 vy\u0161etrenie - Lens Optik | O\u010dn\u00e1 Optika","isPartOf":{"@id":"https:\/\/lensoptik.sk\/#website"},"datePublished":"2025-04-11T17:27:53+00:00","dateModified":"2025-06-03T08:57:30+00:00","breadcrumb":{"@id":"https:\/\/lensoptik.sk\/index.php\/objednat\/#breadcrumb"},"inLanguage":"en-US","potentialAction":[{"@type":"ReadAction","target":["https:\/\/lensoptik.sk\/index.php\/objednat\/"]}]},{"@type":"BreadcrumbList","@id":"https:\/\/lensoptik.sk\/index.php\/objednat\/#breadcrumb","itemListElement":[{"@type":"ListItem","position":1,"name":"Home","item":"https:\/\/lensoptik.sk\/"},{"@type":"ListItem","position":2,"name":"Objedna\u0165 vy\u0161etrenie"}]},{"@type":"WebSite","@id":"https:\/\/lensoptik.sk\/#website","url":"https:\/\/lensoptik.sk\/","name":"Lens Optik | O\u010dn\u00e1 Optika","description":"Rodinn\u00e1 o\u010dn\u00e1 optika v Bratislave","publisher":{"@id":"https:\/\/lensoptik.sk\/#organization"},"potentialAction":[{"@type":"SearchAction","target":{"@type":"EntryPoint","urlTemplate":"https:\/\/lensoptik.sk\/?s={search_term_string}"},"query-input":{"@type":"PropertyValueSpecification","valueRequired":true,"valueName":"search_term_string"}}],"inLanguage":"en-US"},{"@type":"Organization","@id":"https:\/\/lensoptik.sk\/#organization","name":"Lens Optik | O\u010dn\u00e1 Optika","url":"https:\/\/lensoptik.sk\/","logo":{"@type":"ImageObject","inLanguage":"en-US","@id":"https:\/\/lensoptik.sk\/#\/schema\/logo\/image\/","url":"https:\/\/lensoptik.sk\/wp-content\/uploads\/2025\/04\/LensOptik_logo_CMYK-1-4.png","contentUrl":"https:\/\/lensoptik.sk\/wp-content\/uploads\/2025\/04\/LensOptik_logo_CMYK-1-4.png","width":343,"height":104,"caption":"Lens Optik | O\u010dn\u00e1 Optika"},"image":{"@id":"https:\/\/lensoptik.sk\/#\/schema\/logo\/image\/"}}]}},"_links":{"self":[{"href":"https:\/\/lensoptik.sk\/index.php\/wp-json\/wp\/v2\/pages\/41","targetHints":{"allow":["GET"]}}],"collection":[{"href":"https:\/\/lensoptik.sk\/index.php\/wp-json\/wp\/v2\/pages"}],"about":[{"href":"https:\/\/lensoptik.sk\/index.php\/wp-json\/wp\/v2\/types\/page"}],"author":[{"embeddable":true,"href":"https:\/\/lensoptik.sk\/index.php\/wp-json\/wp\/v2\/users\/1"}],"replies":[{"embeddable":true,"href":"https:\/\/lensoptik.sk\/index.php\/wp-json\/wp\/v2\/comments?post=41"}],"version-history":[{"count":8,"href":"https:\/\/lensoptik.sk\/index.php\/wp-json\/wp\/v2\/pages\/41\/revisions"}],"predecessor-version":[{"id":337,"href":"https:\/\/lensoptik.sk\/index.php\/wp-json\/wp\/v2\/pages\/41\/revisions\/337"}],"wp:attachment":[{"href":"https:\/\/lensoptik.sk\/index.php\/wp-json\/wp\/v2\/media?parent=41"}],"curies":[{"name":"wp","href":"https:\/\/api.w.org\/{rel}","templated":true}]}}